 6 and 9906128?
2
What is the greatest common factor of 12466 and 120053?
271
What is the greatest common divisor of 185 and 125274045?
185
Calculate the highest common divisor of 345 and 375697065.
345
What is the greatest common factor of 1220 and 1146550632?
244
What is the greatest common divisor of 131570 and 16284?
118
Calculate the greatest common divisor of 3080 and 360085.
55
Calculate the highest common divisor of 1907892 and 2898.
126
What is the greatest common factor of 2705616 and 2448?
144
Calculate the highest common factor of 156 and 9526920.
156
What is the highest common factor of 3 and 15779694?
3
What is the highest common divisor of 3154668 and 1408?
44
Calculate the greatest common divisor of 197506 and 775894.
314
What is the greatest common divisor of 13943 and 1232905?
191
Calculate the greatest common factor of 339315104 and 11883.
3961
Calculate the highest common divisor of 17976 and 6298341.
2247
What is the highest common factor of 363 and 1425?
3
Calculate the greatest common factor of 2730447 and 5112.
639
What is the greatest common factor of 250736 and 752?
16
Calculate the greatest common factor of 63 and 4420737.
9
What is the highest common factor of 352162947 and 26876?
6719
Calculate the highest common divisor of 6300 and 36423675.
225
Calculate the greatest common factor of 42316852 and 2414.
142
What is the greatest common divisor of 999 and 12384825?
111
Calculate the highest common divisor of 10244355 and 116325.
7755
Calculate the greatest common divisor of 16577 and 89056.
121
What is the highest common divisor of 494 and 752960?
26
Calculate the highest common factor of 97 and 3098640362.
97
Calculate the highest common factor of 2355 and 7043460.
15
Calculate the greatest common factor of 9081761 and 3081.
1027
Calculate the highest common factor of 15438 and 557013.
249
What is the highest common divisor of 935 and 13065316?
187
What is the greatest common divisor of 1414 and 11648330?
202
Calculate the greatest common factor of 194296920 and 16.
8
What is the highest common factor of 17964 and 27444?
12
What is the highest common factor of 28576 and 291964?
188
Calculate the highest common factor of 21162204 and 1106.
1106
Calculate the highest common divisor of 98791671 and 462.
33
What is the highest common divisor of 123 and 90077205?
123
Calculate the highest common factor of 37687537 and 961.
961
Calculate the greatest common factor of 19165967 and 93.
31
What is the greatest common divisor of 3224 and 21744164?
52
What is the highest common divisor of 8278 and 1312485178?
8278
What is the highest common factor of 235873 and 3767203?
451
Calculate the greatest common factor of 877786 and 119.
7
What is the greatest common factor of 4257 and 12246443?
473
Calculate the greatest common factor of 3774 and 57942851.
629
Calculate the highest common factor of 242482506 and 126.
42
What is the highest common divisor of 5140 and 424391810?
2570
Calculate the highest common divisor of 56 and 14681548.
28
Calculate the greatest common divisor of 25308 and 81900906.
4218
What is the greatest common factor of 992466 and 18630?
54
What is the greatest common factor of 39351973 and 89?
89
What is the highest common divisor of 1557432 and 1737270?
1746
Calculate the highest common factor of 165528 and 63384.
456
Calculate the highest common divisor of 1159743 and 17025.
681
What is the greatest common divisor of 228 and 683428461?
57
What is the greatest common divisor of 441 and 17603307?
9
What is the greatest common divisor of 12 and 5115762?
6
What is the greatest common divisor of 70 and 404837685?
35
Calculate the highest common divisor of 1559246097 and 7779.
7779
What is the highest common divisor of 194 and 4351808?
194
Calculate the greatest common factor of 9312 and 1932.
12
What is the greatest common factor of 103113 and 386802?
513
What is the greatest common factor of 19852225 and 35?
5
Calculate the greatest common divisor of 371360311 and 5894.
2947
Calculate the highest common factor of 76268821 and 8068.
2017
Calculate the greatest common factor of 5247381 and 897.
69
Calculate the highest common factor of 25160 and 11356.
68
Calculate the greatest common factor of 1942373 and 1288.
23
What is the greatest common factor of 1911258 and 18?
18
What is the highest common factor of 57352 and 51253?
107
Calculate the highest common factor of 39 and 889189756.
13
What is the highest common factor of 1728 and 2991708?
108
What is the greatest common factor of 5350 and 5229650?
50
Calculate the highest common divisor of 26 and 172145753.
13
Calculate the greatest common factor of 5522329 and 2148.
179
What is the highest common divisor of 2288 and 487905704?
1144
What is the highest common factor of 40437329 and 129?
43
What is the highest common factor of 24260313 and 147?
21
Calculate the greatest common divisor of 890240 and 2249728.
1664
What is the highest common divisor of 2375 and 3748643?
19
Calculate the greatest common divisor of 2201 and 111020641.
2201
Calculate the greatest common divisor of 73094 and 1331582.
3178
What is the greatest common factor of 8565 and 10135250?
2855
What is the greatest common divisor of 21599676 and 2772?
252
What is the highest common divisor of 6104358 and 2470?
494
Calculate the highest common divisor of 64 and 1418148.
4
Calculate the greatest common divisor of 132507 and 2979.
9
What is the highest common factor of 850828 and 583?
11
What is the highest common divisor of 77475336 and 64?
8
Calculate the greatest common factor of 201856 and 124416.
128
Calculate the greatest common divisor of 33361 and 93659.
73
What is the highest common divisor of 53561 and 17785071?
2819
Calculate the highest common divisor of 76528 and 712304.
16
Calculate the highest common divisor of 580 and 87933220.
580
Calculate the greatest common divisor of 54672921 and 54.
27
What is the highest common factor of 13532 and 235348?
68
Calculate the highest common divisor of 15730 and 755950.
130
Calculate the greatest common factor of 7 and 71279789.
7
What is the highest common divisor of 75 and 103351425?
75
What is the highest common factor of 342 and 21620043?
171
Calculate the greatest common factor of 11 and 2731.
1
Calculate the greatest common divisor of 3445516 and 13032.
724
Calculate the highest common factor of 7024 and 126402148.
1756
What is the highest common divisor of 182136742 and 34?
34
What is the greatest common factor of 6506052 and 10731?
1533
Calculate the highest common divisor of 183 and 1150765.
61
Calculate the greatest common divisor of 72815569 and 14261.
1097
What is the highest common factor of 11264078 and 336?
14
What is the greatest common factor of 32431646 and 1170?
26
What is the highest common divisor of 21885 and 574185?
15
Calculate the greatest common factor of 15 and 4653126.
3
Calculate the highest common factor of 315164 and 172.
4
Calculate the highest common divisor of 34506 and 8346.
6
What is the highest common divisor of 14605944 and 24?
24
Calculate the greatest common factor of 11641 and 30040432.
1663
What is the highest common factor of 700527687 and 2402?
1201
Calculate the greatest common divisor of 475 and 226595.
5
Calculate the highest common divisor of 20581 and 86636.
11
What is the highest common factor of 1525319 and 1899?
211
Calculate the greatest common factor of 5579 and 20343425.
797
Calculate the highest common divisor of 182159526 and 6.
6
Calculate the greatest common factor of 6410 and 43310.
10
What is the highest common factor of 9294848 and 870?
58
What is the highest common divisor of 424 and 5500744?
8
What is the greatest common factor of 45484 and 112216?
332
What is the greatest common divisor of 963032 and 206864?
56
Calculate the highest common factor of 640 and 11300.
20
Calculate the highest common factor of 38951766 and 1029.
1029
Calculate the greatest common divisor of 432 and 81900099.
27
Calculate the highest common divisor of 74565186 and 1614.
1614
Calculate the highest common divisor of 46455 and 273543.
57
Calculate the highest common divisor of 228 and 237478188.
228
Calculate the highest common divisor of 3 and 16300257.
3
Calculate the greatest common divisor of 4679070 an